c*q(p) + 4*l(p). What is x(-2)?
-5
Let t(p) = -5*p + 6*p**2 - 2 - p - 3*p + 8*p. Give t(2).
20
Let t(v) be the third derivative of -7/6*v**3 - 1/6*v**4 + 0 + 1/60*v**5 + 0*v - 27*v**2. Give t(6).
5
Let o(k) = -k**3 + 12*k**2 - 12*k + 13. Let s be o(11). Let f(w) be the second derivative of w**4/12 - w**3/3 + w**2/2 + 6*w. What is f(s)?
1
Let c(i) = -4*i**3 - 2*i**2 + 6*i + 10. Let f(b) = -b**3 + 2*b**2 + b + 2. Let z(o) = -c(o) + 6*f(o). What is z(7)?
2
Let g be 2/(-2)*(-2 - -3). Let t = g + -6. Let n(a) be the second derivative of -a**4/12 - 7*a**3/6 - 7*a**2/2 + 6*a. Calculate n(t).
-7
Let q = -35639/60 - -594. Let l(z) be the third derivative of -5/24*z**4 - 8*z**2 + 0 + q*z**5 + 0*z + 0*z**3. Give l(5).
0
Let g be (5 - 2)/(1/(-2)). Let u(a) = 3*a**2 - 7*a - 2*a**2 + a**3 + 4*a**2. Let j be u(g). Let k(p) = -p**2 + 7*p - 5. Calculate k(j).
1
Let y(u) = u**2 - 5*u + 1. Let p(d) = -d + 3. Let r be p(5). Let o be (r + 16/9)*-9. Suppose -4*h - 3*q = -h - 15, -o*q - 14 = -4*h. Determine y(h).
-3
Let x(r) be the first derivative of -r**3/3 + 9*r**2/2 + 5*r + 1381. Let d be (14/(-4) - -2)*-6. Determine x(d).
5
Let b(j) be the second derivative of -1/4*j**4 - 1/10*j**5 - 2/3*j**3 - 3/2*j**2 + 0 + 22*j. Determine b(-2).
9
Let p(x) = -6*x**2 + 3*x**2 + 4*x**2 + 5 - 6*x. Suppose -2*w + 464 = -2*t, -4*t + 13*w = 8*w + 923. Let j = t + 242. Determine p(j).
0
Let t(m) = m**3 + m**2 + m. Let x(p) = 2*p**3 - 2*p**2 - 6*p + 2. Let w(i) = 3*t(i) + x(i). What is w(2)?
40
Let r(d) be the third derivative of -d**6/120 + 7*d**5/60 - d**4/12 - 2*d**3/3 + 79*d**2 - 3. Calculate r(6).
20
Let c be 4/(-24) - (-68)/(-24). Let k(y) = y + 2. Let t(f) = -5*f - 9. Suppose 3*o = 4*b + 33, -2*b - 9 - 35 = -4*o. Let x(d) = o*k(d) + 2*t(d). Calculate x(c).
1
Suppose 3*x - 2*u = -4*u + 329, 5*x = -2*u + 555. Let s = 108 - x. Let a(h) = h + 1. What is a(s)?
-4
Let w(n) = n + 6. Let k be w(-6). Let m(r) = k - 60*r + 59*r - 2. Let c(q) = 2*q + 4. Let u be c(-2). What is m(u)?
-2
Let w(r) = -r**3 + 6*r**2 - 2. Let t = 10 + -18. Let x = -2 - t. Determine w(x).
-2
Let q = -4 - -4. Suppose -3*k + q = 6. Let d(n) be the first derivative of -n**3/3 - 2*n**2 + n + 16. Determine d(k).
5
Let h(n) = n - 2. Let g be 1/(2 - (-52)/(-28)). Let u be h(g). Let w(z) = u - 4 - 2 - z**2 + 7*z**2. Calculate w(1).
5
Let d(x) = -3*x + 1. Let u(a) = 8*a - 5. Let r be u(2). Suppose 3 = -m - 4*b - r, 4*m - 4*b = 4. What is d(m)?
7
Suppose -3*f = 3*z - 15, 0*f + 5*f = 5*z + 25. Let i be (-3 + 2)/(1/(-5)). Let c(s) = -i + f - 2*s - 7. Give c(-5).
3
Let g be 36*(-4)/(-36)*6. Let k = 28 - g. Let x(n) = n**3 - 5*n**2 + n + 2. Determine x(k).
-10
Let s be -7*38/(-1995) - 51/45. Let o(n) be the second derivative of -9*n**5/20 - n**4/12 - n**3/6 - 2*n. Calculate o(s).
9
Let u(t) = -t. Suppose -z = 4*s - 13 - 19, s - 2*z + 1 = 0. Let j(a) = -5*a - 17. Let y be j(-4). Suppose -y = -2*d + s. Give u(d).
-5
Let c(k) = k**3 + 3*k**2 - 4*k + 3. Let a be 2 + (-3)/((-9)/24). Let n = -64 - -66. Suppose a - n = 4*f. Give c(f).
15
Let x(b) = b**2. Let h(g) = -g + 2. Let m(r) = h(r) - 4*x(r). Let z(o) be the third derivative of -o**4/12 - 6*o**3 + 4*o**2. Let y be z(-17). Give m(y).
-12
Let s be 34/6*(14 + 1). Let l(b) = s*b - 46*b + 3*b**2 - 38*b. Determine l(-2).
10
Let g(k) = -7*k**2 + k - 2. Suppose 17*u - 12*u = -2*c - 18, 9 = -3*c - 3*u. Determine g(c).
-8
Let r(m) = -8*m. Let j = 7 - 8. Let k be r(j). Let y(v) = k - 9 + 6*v**2 + 4*v + v**3 - 3*v. Give y(-6).
-7
Let l(h) = -h**2 + 23*h - 3. Let m be l(22). Let a(d) = m*d - 7*d - 15*d + 3. Calculate a(5).
-12
Suppose 66 = 23*b + 227. Let j(x) be the first derivative of x**3/3 + 5*x**2/2 + 3. What is j(b)?
14
Let z(f) = -f**2 - 7*f - 30. Let x(i) = -2*i**2 - 16*i - 63. Let h(d) = -3*x(d) + 7*z(d). Determine h(0).
-21
Let j = 1548 - 1553. Let b(d) = -2*d**2 - 6*d + 5. Calculate b(j).
-15
Let b(r) be the second derivative of -r**3/6 + r**2/2 - 196*r. Calculate b(4).
-3
Let u(k) be the first derivative of k**4/4 - 5*k**3/3 + k**2/2 + 9*k - 86. Give u(4).
-3
Let p be ((-1)/(-2))/((-2)/4). Let w(z) = -17*z**3 - 592*z - 1 + 2 + 593*z. Determine w(p).
17
Let o(x) = -4*x - 5. Suppose 2*r + 3*q + 267 = 6*r, -3*r + 3*q + 204 = 0. Let i be r/(-6)*(-2)/(-3). Let p = 2 + i. Give o(p).
15
Suppose -2*r - 2 = 2. Suppose -8 = -4*p + 4*z, p - 5*p + 10 = -3*z. Let f(c) = -3*c - 4 + p + 1. Determine f(r).
7
Let c(j) = -j + 9. Let l(t) = -t**3 - t**2 - 31*t + 20. Let n be l(0). Determine c(n).
-11
Let p(z) = -z**2 - 8*z + 8. Suppose 9*s - 50 = 5*f + 7*s, -5*s = 0. Give p(f).
-12
Suppose -y + 2*m = 18, -y - 2*m + m - 12 = 0. Let c = y - -19. Let f be 110/33*(-6)/c. Let h(l) = -l. Calculate h(f).
4
Suppose 2 = t + 23. Let p be -2*(-7)/(t/(-6)). Let z(c) be the third derivative of c**4/6 + 4*c**2. Determine z(p).
16
Suppose -p - 5*u + 27 = 0, 5*p - 3*u + 0*u - 51 = 0. Suppose 2*j = -j + p. Let l(g) be the second derivative of g**3/2 - 2*g**2 - 2*g. Determine l(j).
8
Let o(s) = -12*s + 4. Let i(z) = -23*z + 7. Let l(g) = -3*i(g) + 5*o(g). Let x(v) = 18*v - 3. Let u(q) = -5*l(q) + 2*x(q). Determine u(-1).
8
Let o(q) = -2*q**3 + q**2 + 5*q - 5. Let l be -4*(4/8 - (5 + -4)). Let u(k) = k**3 - 3*k + 2. Let x(b) = l*o(b) + 5*u(b). Determine x(-4).
-12
Let v(b) = 48 - 45 + 0*b - 5*b + 6*b. Let a(n) = -n**3 - 7*n**2 - 6*n - 6. Let f be a(-6). Let k(c) = 2*c + 10. Let s(i) = f*k(i) + 20*v(i). Calculate s(2).
16
Let j be 14/(-6) - (-1)/3. Let i = 26 - 24. Let w(d) = -4 + 14*d**3 + 1 - 3*d - i*d**2 - 15*d**3. Calculate w(j).
3
Let z(r) = -2*r**2 - 13*r + 5. Suppose 0 = -40*l - 9*l - 343. What is z(l)?
-2
Let g(l) be the second derivative of -l**3/6 - 3*l**2 - 57*l. Determine g(10).
-16
Let g(m) be the third derivative of -m**6/120 - m**5/30 - m**3/2 + 2*m**2 + 5468. Suppose 0*w - 4*f - 18 = 2*w, -2*w = -3*f - 3. Determine g(w).
6
Let p(i) = 142*i**2 - 9 + 6*i - 42*i**2 - 48*i**2 - 51*i**2. Calculate p(6).
63
Let h(i) be the third derivative of i**4/24 + 3*i**2 + 11*i. Let a be 6/9 - (-32)/6. What is h(a)?
6
Let m(x) = x**3 + 2*x**2 - 3*x - 2. Let r = -813 - -810. Determine m(r).
-2
Let z(c) = -c**2 + 6*c - 4. Let m(u) = -2*u**2 + 4*u - 1. Let s be m(3). Let x(v) = v + 9. Let a(f) = 2. Let y(o) = 4*a(o) - 2*x(o). Let h be y(s). Give z(h).
4
Let f(a) = a**3 + 4*a**2 - 10*a - 9. Suppose 5*i + 6*t + 50 = 2*t, -32 = 2*i + 4*t. What is f(i)?
-21
Let q = -4 - -7. Let u(v) be the first derivative of v**4/4 - 4*v**3/3 + v**2/2 - 3*v - 3978. Determine u(q).
-9
Let g(z) = 2*z + 2. Let u = -907 + 904. Give g(u).
-4
Let u = -6 + 8. Let o be 1 + (0 - (-3 + u)). Let d(r) = -5*r**2 - r - 2. Let n(x) = 6*x**2 + 2*x + 3. Let b(q) = o*n(q) + 3*d(q). What is b(1)?
-2
Suppose 220 = -56*b - 4. Let u(r) = -2 + r - r**2 + 3*r + 2*r**2. What is u(b)?
-2
Let l(t) = t**2 - 12*t - 11. Let j be l(13). Suppose 7*n - j = 6*n. Let k(a) = -6*a + 3. What is k(n)?
-9
Suppose 4*k + 59 = 3*a, -2*a - 5*k + 58 = 2*a. Let r = a + -3. Let t(s) = r*s**2 + 1 - 10*s**2 - 3*s**2. Give t(-1).
2
Let m(j) = j**3 + 2*j**2 + 2*j + 2. Suppose -75 = 11*c + 101. Let d be 204/(-15) + 2/(-5). Let n = c - d. What is m(n)?
-2
Suppose 5*a - 2*g = -36, 3*a + 746*g + 30 = 750*g. Let c(p) = 2 - 4*p + 3 + 3*p - p**2. Determine c(a).
-25
Let d(t) = 2*t + 9. Let y(o) = -24*o - 22*o + 2 + 47*o. Let u be y(-9). What is d(u)?
-5
Suppose 228*l - 233*l - 40 = 0. Let q(k) = -k**3 - 9*k**2 - 8*k - 9. Determine q(l).
-9
Let z(h) = -h**2. Suppose 7*t - 14*t = -21. What is z(t)?
-9
Let n(s) be the second derivative of s**3/6 + 125*s + 1. Calculate n(4).
4
Let u(d) = d - 4. Let q(h) = -9*h + 55. Let k(p) = 4*p - 27. Let v(c) = 13*k(c) + 6*q(c). Let t be v(-13). Determine u(t).
1
Let y(o) be the first derivative of o**4/4 - 10*o**3/3 - 7*o**2 - 12*o + 183. What is y(11)?
-45
Let j(m) = -3*m - 31*m**2 + m**3 - 19 - 5*m - 3*m + 72*m**2 - 33*m**2. Give j(-9).
-1
Let n = -3 - 0. Let r(m) = -3 + 5*m + 2*m - 9*m. Let u(f) = -f - 3. Let c(a) = n*u(a) + 2*r(a). Calculate c(-4).
7
Let d(v) = 7*v**3 + 4*v**2 + 6*v - 3. Let i(b) = -12*b**3 - 8*b**2 - 11*b + 6. Let n = 133 - 137. Let g(a) = n*i(a) - 7*d(a). Determine g(4).
5
Let u(c) = -c**3 - 5*c**2 - c + 1. Let n(t) = -4*t**2 + 10*t - 1. Let a be n(3). Let z be (a/14)/(3/(-72)). Suppose -z*l = -9*l + 15. Determine u(l).
6
Let g(w) = -